?
-93
In base 11, what is -6 - -98?
92
In base 10, what is 65 - -2?
67
In base 5, what is -2 - -10411?
10404
In base 8, what is -3 - 121?
-124
In base 16, what is -52c + 3?
-529
In base 6, what is -135 - -112?
-23
In base 13, what is -c3 + 5?
-bb
In base 13, what is -4ca1 - -2?
-4c9c
In base 16, what is 69e + 2?
6a0
In base 8, what is 2 - 1162?
-1160
In base 7, what is 21065 - 4?
21061
In base 8, what is 0 - -567?
567
In base 11, what is a3 - 4?
9a
In base 2, what is 100 - -101110?
110010
In base 14, what is 5 - 88?
-83
In base 10, what is 45 - -142?
187
In base 14, what is c + da8?
db6
In base 12, what is -a - 248?
-256
In base 15, what is 7 - 19?
-12
In base 6, what is 2 - 1150?
-1144
In base 16, what is 2 + -c7?
-c5
In base 14, what is -d + 28?
19
In base 14, what is -6 - 53?
-59
In base 12, what is -1b8 + 5?
-1b3
In base 7, what is 1012 - 5?
1004
In base 16, what is a - -3?
d
In base 7, what is -33255 - 3?
-33261
In base 13, what is -a + 0?
-a
In base 8, what is 5 - -77?
104
In base 12, what is 103 - 4?
bb
In base 16, what is -13 + 11?
-2
In base 13, what is -17a + -5?
-182
In base 9, what is 4 - 14?
-10
In base 5, what is 2020 - 21?
1444
In base 7, what is -552 - -5?
-544
In base 9, what is -2 + -252?
-254
In base 12, what is 2 - -1?
3
In base 9, what is 101 - -6?
107
In base 14, what is -4 + 87?
83
In base 14, what is -136 - 5?
-13b
In base 13, what is 4 - -136?
13a
In base 5, what is 21344 + -2?
21342
In base 5, what is 111 + -1?
110
In base 14, what is -4b5 + 2c?
-487
In base 4, what is 10 + 12211?
12221
In base 8, what is 441 + 5?
446
In base 16, what is 5 - -15?
1a
In base 11, what is -24 + -9?
-32
In base 13, what is 14 + -101?
-ba
In base 15, what is -3 + a2?
9e
In base 7, what is 23 + 21?
44
In base 7, what is 3 - 2542?
-2536
In base 9, what is 486 - -2?
488
In base 13, what is -253 + 10?
-243
In base 10, what is 5 + -504?
-499
In base 4, what is -32103 - 2?
-32111
In base 13, what is 2 + -82?
-80
In base 12, what is 787 - 4?
783
In base 6, what is -2 - -14?
12
In base 5, what is -104 + -441?
-1100
In base 11, what is -1652 + -5?
-1657
In base 14, what is 1 + 4a4?
4a5
In base 6, what is -24 + -30?
-54
In base 2, what is 111101110100 - 1?
111101110011
In base 2, what is 10000110100001 + 10?
10000110100011
In base 4, what is -20 - 1013?
-1033
In base 7, what is -1360 - 1?
-1361
In base 6, what is 3 + -12524?
-12521
In base 14, what is -286 + -9?
-291
In base 12, what is -3 + 515?
512
In base 10, what is -47 - -40?
-7
In base 11, what is -4 - 435?
-439
In base 16, what is -12c2 - -1?
-12c1
In base 6, what is 3 - -131?
134
In base 16, what is 9 - 4?
5
In base 15, what is 3 + -46?
-43
In base 13, what is 27a8 - 1?
27a7
In base 8, what is 5 - -206?
213
In base 14, what is 5 + d8?
dd
In base 15, what is 148 - -4?
14c
In base 15, what is 18 + -60?
-47
In base 3, what is 2021111 + 20?
2021201
In base 11, what is 0 + 616?
616
In base 15, what is -2 + 10?
d
In base 5, what is 11323 + 10?
11333
In base 8, what is -5 - 1065?
-1072
In base 9, what is 27 - -35?
63
In base 11, what is 6 - 1a?
-14
In base 15, what is -7b - -3?
-78
In base 15, what is -2 + ec?
ea
In base 16, what is 2 + -3a?
-38
In base 8, what is 1217 + -3?
1214
In base 3, what is 11020222 + 12?
11021011
In base 7, what is 0 + -116?
-116
In base 3, what is -1211 + -12?
-2000
In base 11, what is 5 + 1657?
1661
In base 12, what is -13 - -a?
-5
In base 12, what is 5 + 1024?
1029
In base 16, what is -f - 9b?
-aa
In base 13, what is 6 - -747?
750
In base 7, what is 55 + -3?
52
In base 6, what is -10 - -1050?
1040
In base 13, what is -99c - -5?
-997
In base 5, what is -2 - -10?
3
In base 4, what is -12 + 2321?
2303
In base 11, what is -6 + 14?
9
In base 15, what is 5 + -66?
-61
In base 13, what is -2 + -9?
-b
In base 8, what is 5072 + -1?
5071
In base 15, what is -3 + 6c5?
6c2
In base 2, what is 10001100100 - 100?
10001100000
In base 9, what is 4 - 131?
-126
In base 6, what is 131 - -130?
301
In base 10, what is -7 - 16?
-23
In base 3, what is -122 + -121?
-1020
In base 13, what is 3 - -13?
16
In base 9, what is -2 + 272?
270
In base 16, what is -1 - 2?
-3
In base 3, what is -112 - -2121?
2002
In base 8, what is -5 - 43?
-50
In base 14, what is 132a - -3?
132d
In base 5, what is -2 - -441?
434
In base 13, what is 1 + -40?
-3c
In base 15, what is -139 + 20?
-119
In base 12, what is 3 + 415?
418
In base 6, what is -24425 + 0?
-24425
In base 16, what is 293 + -2?
291
In base 3, what is -102 - 20112?
-20221
In base 4, what is 3 + 233?
302
In base 9, what is 40 - -2?
42
In base 9, what is -10 + -10?
-20
In base 15, what is -8 - 2e?
-37
In base 9, what is 268 + -2?
266
In base 5, what is -2 - 11120?
-11122
In base 7, what is -1154 + -2?
-1156
In base 7, what is -131251 + 5?
-131243
In base 13, what is 259 - -2?
25b
In base 14, what is -2 - -4d?
4b
In base 8, what is -604 - -4?
-600
In base 4, what is -210 - -32?
-112
In base 16, what is -3674 + -5?
-3679
In base 8, what is 76 + 232?
330
In base 3, what is 0 - -112112?
112112
In base 4, what is -221 - -1123?
302
In base 15, what is -4 + 29c?
298
In base 16, what is -51 - 28?
-79
In base 8, what is 0 - -307?
307
In base 14, what is 452c + 1?
452d
In base 16, what is -7 + b9?
b2
In base 3, what is 12 + 20102?
20121
In base 11, what is 1 - 11a1?
-11a0
In base 13, what is -2 - -a9?
a7
In base 12, what is -67 + 0?
-67
In base 10, what is 36 - -8?
44
In base 8, what is 33065 - -2?
33067
In base 13, what is -15 - 12?
-27
In base 5, what is -3 - -114?
111
In base 4, what is 12322 - -11?
12333
In base 15, what is -3 + 10e?
10b
In base 15, what is 3 + -12?
-e
In base 15, what is -5 + -21?
-26
In base 9, what is -4 - -3180?
3175
In base 16, what is 2 + 50?
52
In base 13, what is -1a1 - -4a?
-154
In base 14, what is 77 - 2?
75
In base 8, what is 5 + -771?
-764
In base 9, what is 55 - -2?
57
In base 8, what is 4 + -15?
-11
In base 16, what is 5fb - 1?
5fa
In base 5, what is 21 - 10333?
-10312
In base 3, what is 10102 + -10221?
-112
In base 16, what is 0 - -30?
30
In base 3, what is -102222 + 0?
-102222
In base 2, what is -110100100 - -10?
-110100010
In base 7, what is 52 + -1041?
-656
In base 2, what is -100011000 - 1?
-100011001
In base 10, what is 1 - 87?
-86
In base 11, what is 3 + -29?
-26
In base 12, what is 5 - -80?
85
In base 4, what is 1131 + 0?
1131
In base 8, what is 75 - -5?
102
In base 7, what is -1 + -144?
-145
In base 5, what is 4 - 10124?
-10120
In base 2, what is -111 - -11001?
10010
In base 6, what is -3 + 143?
140
In base 13, what is 1 - -32?
33
In base 10, what is 98 - 1?
97
In base 5, what is 0 + -2022?
-2022
In base 11, what is -4449 - 5?
-4453
In base 7, what is 1 - -1411?
1412
In base 11, what is 7 + -348?
-341
In base 15, what is -4 - 11?
-15
In base 6, what is -2043 + 2?
-2041
In base 15, what is -4 + 193?
18e
In base 9, what is 0 - 2154?
-2154
In base 10, what is -5 - 543?
-548
In base 15, what is 1cc + -1?
1cb
In base 9, what is 48 - 20?
28
In base 5, what is 14 + -231?
-212
In base 3, what is -1212 - -111?
-1101
In base 6, what is 21013 - 0?
21013
In base 10, what is -292 + 1?
-291
In base 3, what is -2210 - 212?
-10122
In base 3, what is -1 + -2001?
-2002
In base 5, what is 2341 + -24?
2312
In base 9, what is 875 - -5?
881
In base 11, what is 558 - -1?
559
In base 12, what is -63 + 5?
-5a
In base 8, what is 5 + 54?
61
In base 11, what is -2 - -30?
29
In base 15, what is -c - -258?
24b
In base 10, what is 3 - -61?
64
In base 13, what is a - -b?
18
In base 11, what is 772 - 4?
769
In base 6, what is 132 + 45?
221
In base 13, what is b4 + -5?
ac
In base 10, what is -4025 + 0?
-4025
In base 8, what is 2 - -36?
40
In base 11, what is a + 32?
41
In base 7, what is 6 + -6?
0
In base 16, what is -23 - -c?
-17
In base 6, what is 330 + -2?
324
In base 4, what is 111 + -103?
2
In base 10, what is 272 + 9?
281
In base 8, what is -74 - 0?
-74
In base 9, what is -326 - -5?
-321
In base 7, what is 4 - 0?
4
In base 2, what is -10011001 + 0?
-10011001
In base 2, what is -100 + 1010100110?
1010100010
In base 15, what is 4 - -3?
7
In base 4, what is 10301 + -11?
10230
In base 16, what is -15 - -1b?
6
In base 2, what is -100110101 + 111010?
-11111011
In base 11, what is 81 - -3?
84
In base 13, what is 13 - c?
4
In base 9, what is -2476 + -8?
